pose 2*p - 4*b = 12 - 0, 0 = p + 3*b - 1. What is the units digit of p/(-16) - 133/(-4)?
3
Let o(r) = -r**3 - 8*r**2 + 24. What is the hundreds digit of o(-9)?
1
Suppose 9*b = 450 + 972. What is the tens digit of b?
5
Let s = -13 + 23. Let z be 116/s - 4/(-10). What is the units digit of z/5 - 4/10?
2
Let n(l) be the first derivative of -l**4/4 + l**3 + 3*l**2/2 + 2*l - 4. What is the units digit of n(3)?
1
Let i(f) = -f**3 + 2*f**2 + 3*f + 3. Let u = 4 - 1. Let z be i(u). Suppose y = -3*y - 8, -4*r = z*y - 18. What is the units digit of r?
6
Let l(o) = o**3 + 6*o**2 + 6*o + 4. Let k be l(-5). Let v be ((-2)/(-3))/(k/3). Let i(f) = 2*f**2 - 2*f. What is the tens digit of i(v)?
1
Let y = 20 - -17. What is the units digit of y?
7
Let s be 3*-1*60/18. Let t = s + 16. Suppose -4*o - t*f + 4 = -3*f, 28 = 2*o - 5*f. What is the units digit of o?
4
Suppose -z + v + 30 = -v, 5*z - 5*v = 130. What is the tens digit of z?
2
Let o(t) = t**2 + 5*t + 14. Let l(z) = z. Let i(v) = 5*l(v) - o(v). Let u be i(0). Let m = u + 20. What is the units digit of m?
6
Let h = -17 - -25. Suppose -2*c - 2*c + h = 0. What is the units digit of c?
2
Suppose -3 - 7 = -2*g. What is the units digit of g?
5
Suppose 5*h + 778 = 4*z, -3*h + 916 = 5*z - 38. What is the hundreds digit of z?
1
What is the units digit of -4 + (-3 - -8) + 4?
5
Let v = -69 - -84. What is the tens digit of v?
1
Suppose -2*l + 9 = 3. What is the units digit of (l/(-1))/(3/(-4))?
4
Suppose 0 = r - 5*r + 5*l + 36, -l = 5*r - 74. Suppose -o - r = -2*p + p, 0 = -p - 4*o + 4. What is the units digit of ((-2)/(-6))/(1/p)?
4
Let m(p) = p**2 + 8*p - 13. Let u be m(-9). What is the units digit of ((-4)/1)/(2/u)?
8
Let b(f) = -f**2 + 8. Suppose 2*o = -v + 1, -4*v - 13 = v + o. Let m(c) = c**2 + c - 7. Let w(q) = v*b(q) - 4*m(q). What is the units digit of w(-4)?
4
Let m(q) = 4*q**2 + 2*q - 2. Let n be m(2). Suppose 5*l = 0, -2*l = 4*t - 7*l - 112. Let g = t - n. What is the units digit of g?
0
Let a = -363 - -516. What is the tens digit of a?
5
Suppose -19 = -2*x + 81. What is the units digit of x?
0
Let t = -4 + 5. Let p be (-11 + 3)/(t - 3). Suppose p*b + 17 = 45. What is the units digit of b?
7
Let j = 0 - 2. Let i be -4*1/j + 0. Suppose -6*l + 2*l - 24 = -i*n, l + 27 = 4*n. What is the units digit of n?
6
What is the units digit of 18/12*(-124)/(-3)?
2
Let v = 42 - 17. What is the units digit of v?
5
Let q(y) = y**3 - 7*y**2 + y - 5. Let g be q(7). Suppose g = -n - n. What is the units digit of (1/2)/(n/(-6))?
3
Let i = 16 + -1. Let t be -22*(i/(-2))/3. Suppose 5*g - 3*m - t = 0, -4*g + 2*m + 44 = -3*m. What is the tens digit of g?
1
Suppose -3*k - 1 + 16 = 0. What is the units digit of k?
5
Suppose 3*q - 224 = q. What is the tens digit of q?
1
Let l(v) = v**3 - 5*v**2 + 5*v - 2. Suppose -1 = w - 5. Let d be l(w). Suppose 5*h - 73 = -d*a, -7*a + 2*a = -5*h + 45. What is the units digit of h?
3
Let l(z) = z**3 + 13*z**2 - 10*z + 3. Let y be l(-14). What is the units digit of 3 + 0 - (y - -6)?
0
Let u(i) = 5*i**2 - i - 1. Let j be u(-1). Let z = 8 - 3. Suppose -5*s + 4 = -z*h + h, 0 = -5*h + j*s. What is the units digit of h?
4
Let z be 1 + (1 + 14)/3. Let b = -4 + z. What is the units digit of b?
2
Suppose -j + 5 = -0*j. Suppose -j*i + 68 = -3*d - 105, 0 = -2*i + 5*d + 73. What is the units digit of i?
4
Let p(x) be the third derivative of -x**4/12 - 5*x**3/6 + x**2. What is the units digit of p(-7)?
9
Let j be (15/(-12) - -2)*-4. Let r be 3 - (-3)/9*j. What is the tens digit of 3/(-12)*-26*r?
1
Let t = 16 - 11. What is the units digit of 1/((-1 + t)/40)?
0
Let y = -1 - 12. Let x = -53 + 74. Let j = y + x. What is the units digit of j?
8
Suppose i + 122 = 4*k, -i = 5*k - 6*i - 160. What is the units digit of k?
0
Let g(f) = -f**2 + 3*f - 2. Let v be g(2). Let j be 0 + -2 + 2 + 3. Suppose -j*n - 2*n + 25 = v. What is the units digit of n?
5
Let o(c) = -2*c**3 - 2*c**2 + 8*c + 8. What is the units digit of o(-5)?
8
Let b(m) = -m - 3. Let w be b(-7). Suppose -w*l + 74 = 4*v + v, 3 = 3*l. What is the units digit of v?
4
Let b(m) = 3*m**2 + 3*m + 8. What is the tens digit of b(-6)?
9
Suppose -2*d + 20 = 3*d. Suppose 4*f - 39 = -3*y, -26 - d = -4*y + 2*f. Suppose 2*u + q - 28 = y, 3*q - 60 = -3*u. What is the units digit of u?
7
What is the tens digit of -2 - ((-7932)/27 - (-4)/(-18))?
9
Let h(z) be the second derivative of z**4/2 + z**3/6 - z**2/2 + 3*z. What is the units digit of h(1)?
6
Let g = -16 - -20. Suppose g*a = -2*i + 30, 2*a - 43 = -3*a + 3*i. What is the units digit of a?
8
What is the units digit of (-39)/(-2)*(-2 - -4)?
9
Let s(w) = -w**3 - 5*w**2 + 3*w + 8. Let u be s(-6). Suppose -8*t + 4*t = -76. Suppose u = 5*m - t. What is the units digit of m?
9
Let q be ((-18)/8)/((-6)/112). Let p = -24 + q. Suppose 2*g + 0*g - p = 0. What is the units digit of g?
9
Suppose 0 = -4*o + 3*j + 365 - 11, 4*j + 269 = 3*o. What is the tens digit of o?
8
Let x = -40 + 61. What is the units digit of x?
1
Suppose 5*w = 55 + 30. Suppose -2*v + 11 = 4*i - w, -14 = -5*v + 4*i. What is the units digit of v?
6
Suppose 0 = 2*j - 31 - 7. What is the units digit of j?
9
Let v(i) = 3*i**2 - 3*i + 24. What is the units digit of v(-6)?
0
Let f be -3*(-4 - -6)/(-2). Suppose 38 = 4*b + s, -3*s + s = f*b - 26. What is the units digit of b?
0
Let z = 107 - 50. What is the units digit of z?
7
Let s(m) = -23*m**3 + m + 3. What is the units digit of s(-2)?
5
Let b be 1 - 0 - (-12 + 10). Suppose -71 = -2*t + 5*u, -b*t + 5 = -3*u - 88. What is the tens digit of t?
2
Let z(y) = -y**2 - 2*y + 7 + y + 8*y. Let g = -3 - -8. What is the tens digit of z(g)?
1
Suppose s - 1 - 1 = 0. Let b = 5 + 11. Suppose -s*d - 6 = -b. What is the units digit of d?
5
Suppose -5*o - b = 3*b + 1, -2*b + 1 = o. What is the tens digit of -4*(-6 - (o - 0))?
2
Let j(p) = 117*p**2 + 3*p - 3. What is the tens digit of j(1)?
1
Let r(c) be the second derivative of -c**3/6 + 3*c**2/2 + 2*c. Let x be r(6). What is the units digit of (-4 - -3)/(1/x)?
3
Let r = 407 + -276. What is the hundreds digit of r?
1
Let r = 9 + 3. Suppose -3*q = q - r. What is the units digit of q?
3
Let v(i) = -i**2 - 7*i - 1. Let n be (-1 - -2)*(2 - 8). What is the units digit of v(n)?
5
Suppose -6 = -3*w - 0. Let k = 7 - w. Suppose k*q + 0 = 50. What is the tens digit of q?
1
Let p = 10 - -14. Let f be 16/(-3)*p/(-8). Let c = f + -3. What is the tens digit of c?
1
Let n = 55 + -36. Suppose 2*z - 5*u = -n, -z + 6*z = -2*u + 25. Suppose -5*p = 5*w - 105, w = 4*p + z*w - 74. What is the units digit of p?
6
Suppose 2*u = -3*w - 2*w + 119, 3*u + 3*w - 156 = 0. Let a = u + -30. What is the tens digit of a?
1
Let x(a) = 4*a**2 - 3*a + 4. Let i = 11 - 8. What is the units digit of x(i)?
1
Let g(w) = -w + 16. Let h be g(14). Suppose -h*b + 27 = -35. What is the tens digit of b?
3
Suppose -3*a = -4*v - 7, -4*a + 3 + 6 = -5*v. Let p = v + 1. Suppose p*m + 9 = 3*m. What is the units digit of m?
3
Let v be ((-4)/(-10))/(10/200). Suppose s = 2*c + 2*c + 16, -2*c - v = 3*s. Suppose s = -5*f + 19 + 41. What is the units digit of f?
2
Let r be (-1 - -2*1) + -26. Let q = -38 - r. Let b = q + 18. What is the units digit of b?
5
Let b = -55 - -101. Suppose -z = 4*w + z - b, 55 = 5*w + 5*z. What is the units digit of w?
2
Suppose 4*k + g - 79 = 0, 4*k = 3*k - 5*g - 4. Suppose -4*o + k + 7 = 0. Suppose -17 = -f - o. What is the units digit of f?
0
Let h(j) = j - 7. Let y be h(8). Let v be -1*(5 + (y - 1)). Let q = v + 11. What is the units digit of q?
6
Let g = 115 - 31. What is the units digit of g?
4
Let k = -5 - -153. What is the units digit of k?
8
Suppose 3*j + 3*j - 1368 = 0. What is the tens digit of j?
2
Let t(j) = -j**2 - 24*j + 2. What is the units digit of t(-24)?
2
Let b(p) = -p**3 - 6*p**2 - 4*p + 10. What is the units digit of b(-6)?
4
Suppose 2*w - 1 + 5 = 0. Let r(u) be the third derivative of u**5/60 + u**4/24 + u**3/6 - u**2. What is the units digit of r(w)?
3
What is the units digit of (1 - 0)/(2/8)?
4
Let a be ((-12)/(-8))/(6/8). Suppose -a = -3*d + d. What is the units digit of d?
1
Suppose -a - 395 = -6*a. What is the units digit of a?
9
Suppose 0 = -3*v + 4*f + 16, 0*v + 4*f = -2*v + 24. What is the units digit of v?
8
Let b(o) = -o - 8. Let x be b(-10). Suppose 16 = 4*t + 2*v, 3*v = 5*t - 0